{"id":506,"date":"2018-03-05T02:07:34","date_gmt":"2018-03-05T01:07:34","guid":{"rendered":"http:\/\/nonhoff.info\/zeitreich\/?page_id=506"},"modified":"2021-12-29T00:25:37","modified_gmt":"2021-12-28T23:25:37","slug":"referenzen","status":"publish","type":"page","link":"https:\/\/www.nonhoff.info\/zeitreich\/referenzen\/","title":{"rendered":"Referenzen des Geschichtenerz\u00e4hler Bj\u00f6rn Nonhoff"},"content":{"rendered":"<p><i>Bj\u00f6rn Nonhoff geh\u00f6rt zu den wenigen deutschsprachigen Geschichtenerz\u00e4hlern, welcher im m\u00e4rchenhaften Dubai, sowohl in der W\u00fcste als auch im F\u00fcnf-Sterne-Hotel Burj al Arab seine Geschichten erz\u00e4hlte. <\/i><i>Neben Auftritten f\u00fcr namenhafte Unternehmen und auf vielen B\u00fchnen folgte er 2004 einer Einladung zum Comedy Festival nach China. Neben den Geschichtenerz\u00e4hl-Events f\u00fcr Firmen tritt er auch auf Hochzeiten, Geburtstagen und anderen Festen auf.\u00a0<\/i><\/p>\n<p>&nbsp;<\/p>\n<h2><strong>Geschichtenerz\u00e4hler &#8211; Auswahl Kundenreferenzen\u00a0<\/strong><\/h2>\n<ul>\n<li>Deutsche Bank, N\u00fcrnberg<\/li>\n<li>Munich RE, M\u00fcnchen<\/li>\n<li>OMV \u00d6sterreich\/Deutschland<\/li>\n<li>Bayerischer Rundfunk, M\u00fcnchen<\/li>\n<li>Generali Versicherung Bayern<\/li>\n<li>Flughafen M\u00fcnchen Besucherpark AG<\/li>\n<li>VDI (Verband Deutscher Ingenieure)<\/li>\n<li>Chip Online GmbH, M\u00fcnchen<\/li>\n<li>Loreal, Hamburg\/Kerastase, Paris<\/li>\n<li>Thurn &amp; Taxis, Regensburg<\/li>\n<li>Kultursommer Nordhessen e. V.<\/li>\n<li>Gewerbeverband Kolbermoor<\/li>\n<li>KONEN, M\u00fcnchen<\/li>\n<li>Augsburger Tierpark<\/li>\n<li>Deutscher Verband junger Juristen, Bayern<\/li>\n<li>Nordheimer Gewerbeverein<\/li>\n<li>Stadt Rosenheim<\/li>\n<li>Regensburger Badebetriebe<\/li>\n<li>Mobile KinderK\u00fcche, Hamburg<\/li>\n<\/ul>\n<h2 style=\"text-align: left;\"><strong>Geschichtenerz\u00e4hler im Rundfunk und Fernsehen<\/strong><\/h2>\n<ul>\n<li>Bayerischer Rundfunk, Interview anl\u00e4sslich des Welt-Geschichten-Tages<\/li>\n<li>WDR Fernsehen, Bericht \u00fcber die mobile KinderK\u00fcche Hamburg<\/li>\n<li>Finnisches Radio, Ausschnitte aus dem zweiten Band &#8220;NON &#8211; a smile is never a schmarrn&#8221;<\/li>\n<li>TV M\u00fcnchen, Best Comedian of Munich<\/li>\n<\/ul>\n<h2><strong>Geschichtenerz\u00e4hler auf Kleinkunst-Festivals<br \/>\n<\/strong><\/h2>\n<ul>\n<li>storytelling and poetry, fairytails &#8211; Hofener M\u00e4rchentage 2011<\/li>\n<li>storytelling for families, internationale Erz\u00e4hlertage f\u00fcr Kinder, Dachau 2011<\/li>\n<li>storytelling for adults, Nordhessischer Kultursommer 2006<\/li>\n<li>storytelling for youngsters, Marrakesch Event M\u00fcnchen<\/li>\n<li>a star is bj\u00f6rn, headliner performance on the International Spring Festival Shenzhen, China 2004<\/li>\n<li>performances auf dem Comedy Festival in Cannes, Frankreich 2001<\/li>\n<li>a star is bj\u00f6rn, Thurn &amp; Taxis Comedy Festival, 2000<\/li>\n<li>a star is bj\u00f6rn, Comicodeon, \u00d6sterreichisches Comedy Festival 2002<\/li>\n<li>Stra\u00dfenprogramm von \u00e4 bis \u00f6 mit Brigitte Sa\u00dfmanshaus, Lenzburger Gauklerfestival, Schweiz 1999<\/li>\n<\/ul>\n<h2><strong>AUSZEICHNUNGEN &amp; WETTBEWERBE<\/strong><\/h2>\n<p>In meiner Zeit als Kabarettist und Comedian wurde mein Programm &#8220;a star is Bj\u00f6rn&#8221; zu folgenden Wettbewerben ins Finale eingeladen.<\/p>\n<ul>\n<li>Neue Szene Augsburg, Kleinkunstpreis 2001<\/li>\n<li>Poetry-Slam-Sieger, Substanz M\u00fcnchen, Dezember 2002<\/li>\n<li>Finalist bei Deutschland sucht den Superdichter 2004<\/li>\n<li>Finalist beim Thurn &amp; Taxis Comedy-Preis 2003<\/li>\n<li>Finalist beim Schwaiger Kleinkunstpreis 2004<\/li>\n<li>Finalist beim Goldenen Kleinkunstnagel, Wien 2000<\/li>\n<\/ul>\n","protected":false},"excerpt":{"rendered":"<p>Bj\u00f6rn Nonhoff geh\u00f6rt zu den wenigen deutschsprachigen Geschichtenerz\u00e4hlern, welcher im m\u00e4rchenhaften Dubai, sowohl in der W\u00fcste als auch im F\u00fcnf-Sterne-Hotel Burj al Arab seine Geschichten<a href=\"https:\/\/www.nonhoff.info\/zeitreich\/referenzen\/\" class=\"more-link\"><span class=\"screen-reader-text\"> &#8220;Referenzen des Geschichtenerz\u00e4hler Bj\u00f6rn Nonhoff&#8221;<\/span><\/a><\/p>\n","protected":false},"author":1,"featured_media":88,"parent":0,"menu_order":0,"comment_status":"closed","ping_status":"closed","template":"","meta":{"footnotes":""},"class_list":["post-506","page","type-page","status-publish","has-post-thumbnail","hentry"],"_links":{"self":[{"href":"https:\/\/www.nonhoff.info\/zeitreich\/wp-json\/wp\/v2\/pages\/506","targetHints":{"allow":["GET"]}}],"collection":[{"href":"https:\/\/www.nonhoff.info\/zeitreich\/wp-json\/wp\/v2\/pages"}],"about":[{"href":"https:\/\/www.nonhoff.info\/zeitreich\/wp-json\/wp\/v2\/types\/page"}],"author":[{"embeddable":true,"href":"https:\/\/www.nonhoff.info\/zeitreich\/wp-json\/wp\/v2\/users\/1"}],"replies":[{"embeddable":true,"href":"https:\/\/www.nonhoff.info\/zeitreich\/wp-json\/wp\/v2\/comments?post=506"}],"version-history":[{"count":11,"href":"https:\/\/www.nonhoff.info\/zeitreich\/wp-json\/wp\/v2\/pages\/506\/revisions"}],"predecessor-version":[{"id":1434,"href":"https:\/\/www.nonhoff.info\/zeitreich\/wp-json\/wp\/v2\/pages\/506\/revisions\/1434"}],"wp:featuredmedia":[{"embeddable":true,"href":"https:\/\/www.nonhoff.info\/zeitreich\/wp-json\/wp\/v2\/media\/88"}],"wp:attachment":[{"href":"https:\/\/www.nonhoff.info\/zeitreich\/wp-json\/wp\/v2\/media?parent=506"}],"curies":[{"name":"wp","href":"https:\/\/api.w.org\/{rel}","templated":true}]}}